or of 4602 and 624?
78
Calculate the highest common factor of 1760 and 20.
20
Calculate the highest common divisor of 1184 and 185.
37
Calculate the highest common factor of 3026 and 272.
34
Calculate the greatest common factor of 3768 and 24.
24
What is the greatest common factor of 20524 and 7?
7
What is the highest common factor of 38 and 171?
19
Calculate the greatest common divisor of 69 and 1173.
69
Calculate the highest common factor of 29 and 8497.
29
What is the highest common factor of 112 and 4830?
14
Calculate the highest common divisor of 12 and 42.
6
What is the highest common factor of 1577 and 166?
83
What is the highest common divisor of 99 and 8778?
33
What is the greatest common divisor of 105 and 14?
7
What is the greatest common factor of 25 and 265?
5
What is the greatest common factor of 8 and 256?
8
What is the greatest common divisor of 168 and 312?
24
What is the highest common factor of 36 and 48?
12
Calculate the greatest common divisor of 164 and 9594.
82
Calculate the greatest common factor of 90 and 414.
18
Calculate the greatest common divisor of 434 and 14.
14
Calculate the highest common factor of 168 and 42.
42
Calculate the greatest common divisor of 196 and 140.
28
What is the highest common factor of 540 and 495?
45
Calculate the greatest common factor of 360 and 585.
45
What is the highest common factor of 1888 and 1475?
59
What is the greatest common factor of 7 and 2653?
7
Calculate the greatest common divisor of 861 and 205.
41
What is the greatest common divisor of 56 and 5992?
56
Calculate the greatest common divisor of 60 and 6680.
20
Calculate the highest common divisor of 24 and 5784.
24
What is the highest common factor of 287 and 656?
41
Calculate the highest common factor of 936 and 65.
13
Calculate the highest common divisor of 62 and 124.
62
Calculate the greatest common divisor of 6 and 150.
6
What is the highest common divisor of 3225 and 225?
75
Calculate the greatest common factor of 10302 and 102.
102
What is the greatest common divisor of 118 and 590?
118
What is the highest common divisor of 3 and 183?
3
What is the greatest common divisor of 442 and 204?
34
What is the highest common factor of 95 and 11875?
95
Calculate the greatest common factor of 56 and 7.
7
What is the highest common factor of 12 and 142?
2
What is the greatest common divisor of 2013 and 1281?
183
Calculate the greatest common divisor of 36714 and 174.
174
Calculate the highest common divisor of 144 and 168.
24
What is the greatest common factor of 90 and 36?
18
What is the greatest common factor of 272 and 32776?
136
What is the greatest common factor of 187 and 21131?
187
What is the highest common factor of 75 and 75?
75
Calculate the highest common divisor of 224 and 28.
28
Calculate the greatest common divisor of 180 and 150.
30
What is the highest common factor of 65 and 156?
13
What is the highest common factor of 192 and 708?
12
What is the highest common divisor of 4 and 332?
4
Calculate the greatest common factor of 1584 and 99.
99
What is the highest common divisor of 54 and 33102?
54
Calculate the greatest common divisor of 1659 and 1896.
237
What is the highest common divisor of 246 and 6?
6
What is the greatest common divisor of 144 and 504?
72
What is the highest common factor of 540 and 945?
135
Calculate the highest common divisor of 15 and 35.
5
Calculate the highest common factor of 12762 and 6.
6
Calculate the highest common factor of 568 and 16.
8
What is the highest common factor of 140 and 20?
20
What is the highest common divisor of 13 and 46111?
13
What is the greatest common divisor of 2929 and 202?
101
What is the greatest common divisor of 893 and 2033?
19
Calculate the greatest common factor of 3 and 1527.
3
What is the greatest common divisor of 90 and 4740?
30
Calculate the greatest common factor of 1344 and 210.
42
Calculate the greatest common divisor of 4012 and 295.
59
What is the highest common divisor of 90 and 405?
45
Calculate the greatest common divisor of 7068 and 30.
6
What is the greatest common factor of 20 and 410?
10
Calculate the greatest common divisor of 9731 and 74.
37
Calculate the greatest common factor of 2740 and 20.
20
Calculate the greatest common factor of 296 and 74.
74
Calculate the greatest common divisor of 100 and 3050.
50
What is the greatest common factor of 1463 and 399?
133
What is the highest common factor of 1000 and 80?
40
What is the greatest common factor of 59 and 20473?
59
What is the greatest common factor of 174 and 18?
6
What is the greatest common factor of 48238 and 534?
178
Calculate the highest common divisor of 200 and 2300.
100
What is the greatest common divisor of 264 and 66?
66
What is the greatest common factor of 54 and 3006?
18
What is the highest common factor of 286 and 130?
26
Calculate the highest common divisor of 444 and 24198.
222
Calculate the greatest common divisor of 120 and 705.
15
Calculate the highest common factor of 96 and 64.
32
What is the highest common factor of 1217 and 1?
1
What is the highest common divisor of 365 and 73?
73
Calculate the highest common divisor of 295 and 1121.
59
Calculate the highest common divisor of 2304 and 90.
18
What is the greatest common divisor of 372 and 4774?
62
Calculate the highest common divisor of 3977 and 194.
97
What is the highest common divisor of 2244 and 24?
12
What is the highest common divisor of 3690 and 90?
90
What is the highest common factor of 1924 and 1184?
148
Calculate the greatest common factor of 18 and 79938.
18
Calculate the greatest common divisor of 34 and 323.
17
Calculate the highest common divisor of 16 and 1016.
8
Calculate the highest common factor of 1101 and 3.
3
Calculate the greatest common divisor of 12 and 5608.
4
What is the greatest common factor of 664 and 83?
83
Calculate the greatest common factor of 1222 and 26.
26
What is the highest common divisor of 212 and 742?
106
Calculate the greatest common factor of 2438 and 159.
53
Calculate the highest common divisor of 455 and 1235.
65
What is the greatest common factor of 16 and 2000?
16
Calculate the greatest common divisor of 7 and 26649.
7
What is the highest common divisor of 98 and 441?
49
What is the highest common divisor of 10 and 33180?
10
What is the greatest common divisor of 15 and 270?
15
Calculate the highest common divisor of 24 and 156.
12
What is the highest common divisor of 47 and 141?
47
What is the greatest common divisor of 3 and 3531?
3
What is the highest common divisor of 128 and 48?
16
What is the highest common divisor of 45 and 765?
45
What is the highest common divisor of 108 and 162?
54
Calculate the highest common factor of 988 and 76.
76
What is the greatest common divisor of 134 and 84?
2
Calculate the greatest common divisor of 736 and 1008.
16
What is the highest common divisor of 104 and 1846?
26
Calculate the greatest common factor of 948 and 7347.
237
Calculate the greatest common factor of 50 and 625.
25
Calculate the highest common factor of 1107 and 54.
27
What is the highest common factor of 121 and 1375?
11
What is the greatest common factor of 17724 and 24?
12
Calculate the highest common factor of 5335 and 220.
55
Calculate the greatest common factor of 280 and 70.
70
Calculate the highest common factor of 5220 and 1980.
180
Calculate the greatest common factor of 1760 and 605.
55
What is the greatest common divisor of 1053 and 81?
81
Calculate the highest common divisor of 84 and 56.
28
What is the highest common divisor of 9 and 423?
9
Calculate the greatest common factor of 162 and 612.
18
What is the highest common divisor of 9 and 10548?
9
Calculate the highest common factor of 9504 and 22.
22
Calculate the highest common divisor of 185 and 245.
5
What is the greatest common divisor of 12 and 156?
12
Calculate the greatest common divisor of 77 and 14.
7
What is the highest common factor of 2249 and 91?
13
Calculate the greatest common factor of 3 and 537.
3
Calculate the highest common factor of 44 and 5.
1
Calculate the highest common divisor of 2321 and 11.
11
Calculate the greatest common divisor of 392 and 8.
8
What is the greatest common factor of 6554 and 145?
29
What is the greatest common factor of 2076 and 12?
12
Calculate th